- 47*p + 108. Let r be w(45). Suppose 252*y = 250*y + r. List the prime factors of y.
3
Suppose 147 - 147 = -6*k. Suppose k = -3*z - 0 + 9, -3*q = 5*z - 240. What are the prime factors of q?
3, 5
Let x(s) = 9280*s**2 + 151*s - 296. What are the prime factors of x(2)?
2, 19, 977
Suppose -26 = -2*z - 30, -b + 4448 = z. What are the prime factors of b?
2, 5, 89
Let g = 460 + -456. Suppose -2733 = -g*s + 5*o, 0 = 3*s - o - 0*o - 2036. List the prime factors of s.
677
What are the prime factors of 8/(-10)*((-32819)/2 - 423/(-94))?
2, 17, 193
Suppose 12*g - 22*g + 210 = 0. Let y = 290 + g. What are the prime factors of y?
311
Let h(y) = y**3 - 5*y**2 - 21*y - 20. Let o be h(8). Suppose -4*d + 86 = -0*v - 2*v, o*d + 5*v = 65. List the prime factors of d.
2, 5
Let z(m) = m**3 - 13*m**2 + 11*m - 5. Let s be z(12). Let d be 3 - 5/1 - s. Suppose 3*k + 234 + 207 = 2*g, d = -3*k. List the prime factors of g.
3, 71
Let o = -30 + 50. Suppose 11*r = 135 + 63. Let a = r + o. What are the prime factors of a?
2, 19
Suppose -5*p + 5 = -4*p. Suppose -3*t - 91 = -y - p, -3*y = 2*t - 225. Suppose r + 5*h = y, 3*r + 2*h + 178 = 5*r. What are the prime factors of r?
3, 29
Let p = 117 - 108. Suppose 2216 - 10631 = -p*d. What are the prime factors of d?
5, 11, 17
Suppose -5 = 2*n - 5*u, -30 = -2*n - 6*u + 4*u. Let a(y) = y**3 - 3*y**2 - 2*y + 27. List the prime factors of a(n).
7, 101
Let h = -251 + 250. Let j(i) = 990*i**2 + 11*i + 12. List the prime factors of j(h).
991
Suppose -8*t - t - 9 = 0, 3*p + 2*t - 16759 = 0. What are the prime factors of p?
37, 151
Let p be ((-2)/(-1))/6*0. Let r be ((-72)/54)/(0 + (-8)/30). Suppose p*v - r*v = -235. What are the prime factors of v?
47
Let z(s) = 149*s**2 + 210*s + 3356. What are the prime factors of z(-15)?
89, 379
Let z(b) = -28*b - 3. Let t(n) = -n**2 + 4*n + 4. Let u = -35 + 40. Let m be t(u). What are the prime factors of z(m)?
5
Let o = 9 - -8. Let d(a) = a**2 - 18*a + 25. Let f be d(o). What are the prime factors of (4/f)/(2/248)?
2, 31
Let g = -1591 + 1115. Let s = g + 674. Suppose 0 = 4*k + 4*c - 360, c - 12 + s = 2*k. What are the prime factors of k?
2, 23
Let w = 238 + -185. Let h = 332 - w. What are the prime factors of h?
3, 31
Let l(d) = 30*d**2 - 2*d - 21. Let v be l(-4). Suppose -t + 211 = 4*h - 264, t - v = -2*h. List the prime factors of t.
3, 17
Let b(a) = -a**2 - 7*a + 19. Let v be b(-9). Suppose -v = -5*z + 14. Suppose -z*t + 373 = 34. List the prime factors of t.
113
Let p(b) = b**3 + b**2 - b. Let h(n) = -8*n**3 + 7*n**2 - 2*n - 6. Let y(m) = h(m) - 4*p(m). List the prime factors of y(-3).
3, 113
Let b = 612 + 971. Suppose -2265 = -3*z + 4*j, 2*z + 66 - b = 5*j. What are the prime factors of z?
751
Let m(k) = 2*k + 80. Let v be m(0). Suppose 0 = c + 5*f - 641, f = 2*c - v - 1180. List the prime factors of c.
631
Let t(i) = -22*i + 155. Suppose 19*o - 11*o + 56 = 0. What are the prime factors of t(o)?
3, 103
Suppose 15075 = -10*p + 58725. List the prime factors of p.
3, 5, 97
Suppose -62290 + 19 = -9*u + 32805. What are the prime factors of u?
2, 19, 139
Let f(j) = 513*j + 1990. List the prime factors of f(20).
2, 5, 7
Suppose -9*o + 35 = -4*o. Let x(t) = -t**2 + 9*t - 17. Let p be x(o). What are the prime factors of 33 - (3 + (-7 - p))?
2, 17
Suppose 4*u - 19812 = -4*s, -11*u - 14853 = -14*u - 4*s. List the prime factors of u.
3, 19, 29
Let n be ((-90)/(-20))/(0 - (-1)/(-6)). Let m be (-3)/(n/457) - (-22)/99. Suppose -z = -0 - m. What are the prime factors of z?
3, 17
Suppose 2*i = -84*m + 88*m - 7570, -9465 = -5*m + 3*i. What are the prime factors of m?
2, 3, 5, 7
Let v be 24/(-48) - 2/(-4). Suppose 16*p - 1566 - 6642 = v. What are the prime factors of p?
3, 19
Suppose -3*y + 17*y - 56 = 0. Let a(h) = 7*h**3 - h**2 + 3*h + 11. What are the prime factors of a(y)?
5, 7, 13
Let m be 1*(61 + 3 + -2). Suppose -684 = 56*k - m*k. What are the prime factors of k?
2, 3, 19
List the prime factors of -6 + (2 - 737)/((-73)/4453).
3, 17, 293
Let i = -30 - -24. Suppose 6*c + 53 = 59. List the prime factors of (-2277)/(-66)*((-16)/i)/c.
2, 23
Let h(t) = -t**3 - 2*t**2 - 7*t - 5. Let v be h(-5). Let u = -18 + 22. Let z = v - u. What are the prime factors of z?
101
Let t(x) = 5*x**3 + 14*x**2 - 48*x + 15. Let k(p) = -2*p**3 - p + 2. Let i(q) = -3*k(q) - t(q). List the prime factors of i(13).
11, 43
Let z = -30 - -61. Suppose 4*x + 4*u + 0 - 4 = 0, -4*u = -3*x + z. Suppose -x*n + 1392 = 7*n. What are the prime factors of n?
2, 29
Let m be 2 + 5/(-1) + 5. Suppose m*z + 648 = -0*s + 4*s, 4*z = -3*s + 497. Let i = -17 + s. What are the prime factors of i?
2, 73
Let q be 267*3/36*16. Suppose 6*n + q - 1022 = 0. What are the prime factors of n?
3, 37
Let u be (-2)/6 + 48/9. Let m be (-10)/(-50) + (-66)/u. List the prime factors of m/(39/(-220)) + (-2)/(-3).
2, 37
Suppose 3*i + 24*k - 27*k + 9 = 0, -5*k + 15 = i. Suppose 415 = s - i*p + p, -3*p = 4*s - 1655. What are the prime factors of s?
2, 5, 41
List the prime factors of 21/42*(-18933)/4*-8.
3, 6311
Suppose -3*s - 99 = -3*c - 354, -10 = -2*s. Let b = c + 85. What are the prime factors of (b - 12)/((-1)/7)?
7
Let i(n) = n**2 - 13*n - 92. Let j(r) = 2*r + 1. Let v(f) = i(f) - 6*j(f). What are the prime factors of v(44)?
2, 3, 41
Suppose 5*a - 3*a = -l + 621, -2*a + 3*l + 601 = 0. Suppose -27*z + 31*z - a = 0. List the prime factors of z.
7, 11
Let b(v) = 20*v - 13. Let l(o) = -o**3 - 25*o**2 - 2*o - 38. Let c be l(-25). Let u = c + -8. What are the prime factors of b(u)?
67
Let y = -395 - -12796. List the prime factors of y.
12401
Let g = 5785 + -2243. What are the prime factors of g?
2, 7, 11, 23
Let u(j) = -131*j + 67. Let h be u(-7). Suppose r - 4*r + h = 0. List the prime factors of r.
2, 41
What are the prime factors of (-192)/144 + (-33024)/(-9)?
2, 7, 131
Let o(l) = 9*l + 41. Let s be o(-4). Suppose s*a - 10 = 0, -5*g + 2*a = 6*a - 1558. What are the prime factors of g?
2, 5, 31
Suppose -209784 = -4*f - 35*t + 37*t, 3*t = -5*f + 262230. List the prime factors of f.
2, 3, 8741
Let c be 320/(-112) - -1*(-2)/14. Let u(n) = -6*n. Let x be u(1). List the prime factors of (-4 - (0 + (c - x)))*-7.
7
Let a(n) = -45*n + 5. Let j(r) = r**2 - 7*r + 7. Let d be j(8). Suppose 11*l + d = 8*l. List the prime factors of a(l).
2, 5, 23
Suppose -99243 = 88*q - 3024979. What are the prime factors of q?
33247
Let a be ((24/3)/(-3 + 5))/(-2). Let s be a + (4 - 2) + (-28)/(-2). Let c(z) = z**2 - 8*z - 1. List the prime factors of c(s).
83
Let z(m) = 4*m**2 + 18*m + m + 3725 - 3698. List the prime factors of z(-11).
2, 151
Let j = 382 - 379. Suppose j*u - 2236 = u - 2*x, u - 1106 = -5*x. What are the prime factors of u?
19, 59
Let b(d) be the second derivative of -17*d**3/6 + 7*d**2/2 + 2*d - 2. List the prime factors of b(-4).
3, 5
List the prime factors of 12/5 + 8005536/360.
2, 5, 139
Suppose -132 - 56 = k - l, -2*k - 3*l - 381 = 0. Let b = 493 + k. What are the prime factors of b?
2, 19
Suppose 9 = 11*d - 14*d, 4*c - d = 26691. List the prime factors of c.
2, 3, 139
Suppose -3*a + 15 = -6*a. Let o be (-2 - -3)/(a/25). List the prime factors of (o - -4 - 2) + 178 + 1.
2, 11
Let k = -18095 + 27011. List the prime factors of k.
2, 3, 743
What are the prime factors of 5784 + 11 + -5 + -2?
2, 1447
Let r(b) = -3*b**3 + 27*b**2 + 2*b - 108. What are the prime factors of r(-13)?
2, 5, 19, 29
Suppose 7*h - 26 = 11*h - k, 5*h + 2*k = -26. List the prime factors of (-633)/(-12) - h/(-8).
2, 13
Let r be -14*((-75 - 3) + -3). Suppose 49*c = 52*c - r. List the prime factors of c.
2, 3, 7
Let p(a) = -a**3 + 37*a**2 + 1179*a + 108. List the prime factors of p(50).
2, 7, 271
Suppose 21648 + 75267 = 39*x. Let z = x + -1134. List the prime factors of z.
7, 193
What are the prime factors of (-68)/(-153) - (-273506)/9?
2, 3, 5, 1013
Let y = -26761 - -55525. List the prime factors of y.
2, 3, 17, 47
Let d(h) = 3200*h - 336. List the prime factors of d(2).
2, 379
Let d(i) = -6*i + 22. Suppose 0 = 8*o + 12 - 52. Let b be d(o). What are the prime factors of 70 - (-2 - b/4)?
2, 5, 7
Suppose 0 = 4*g - 0*g - 3*l + 2296, -g - 569 = -2*l. List the prime factors of 10*(-3)/6 - -10 - g.
2, 3, 97
Let s be (2964/15 + -8)*-5. Let i = s + 1395. What are the prime factors of i?
3, 149
Suppose -2*k = -v - 2*v - 564, 